{"id":1163,"date":"2024-05-27T21:34:14","date_gmt":"2024-05-27T19:34:14","guid":{"rendered":"http:\/\/oli-decock.eu\/?page_id=1163"},"modified":"2024-05-27T21:36:09","modified_gmt":"2024-05-27T19:36:09","slug":"etude-des-soins-reconnectifs-de-a-l-baldwin-et-g-schwartz","status":"publish","type":"page","link":"https:\/\/oli-decock.eu\/?page_id=1163","title":{"rendered":"Etude des soins reconnectifs de A-L. Baldwin et G. Schwartz"},"content":{"rendered":"\t\t<div data-elementor-type=\"wp-page\" data-elementor-id=\"1163\" class=\"elementor elementor-1163\">\n\t\t\t\t<div class=\"elementor-element elementor-element-49d5e2ac e-flex e-con-boxed wpr-particle-no wpr-jarallax-no wpr-parallax-no wpr-sticky-section-no e-con e-parent\" data-id=\"49d5e2ac\" data-element_type=\"container\" data-settings=\"{&quot;background_background&quot;:&quot;classic&quot;}\">\n\t\t\t\t\t<div class=\"e-con-inner\">\n\t\t<div class=\"elementor-element elementor-element-3483c61e e-con-full e-flex wpr-particle-no wpr-jarallax-no wpr-parallax-no wpr-sticky-section-no e-con e-child\" data-id=\"3483c61e\" data-element_type=\"container\">\n\t\t\t\t<div class=\"elementor-element elementor-element-54316cd0 elementor-widget elementor-widget-heading\" data-id=\"54316cd0\" data-element_type=\"widget\" data-widget_type=\"heading.default\">\n\t\t\t\t<div class=\"elementor-widget-container\">\n\t\t\t<style>\/*! elementor - v3.21.0 - 26-05-2024 *\/\n.elementor-heading-title{padding:0;margin:0;line-height:1}.elementor-widget-heading .elementor-heading-title[class*=elementor-size-]>a{color:inherit;font-size:inherit;line-height:inherit}.elementor-widget-heading .elementor-heading-title.elementor-size-small{font-size:15px}.elementor-widget-heading .elementor-heading-title.elementor-size-medium{font-size:19px}.elementor-widget-heading .elementor-heading-title.elementor-size-large{font-size:29px}.elementor-widget-heading .elementor-heading-title.elementor-size-xl{font-size:39px}.elementor-widget-heading .elementor-heading-title.elementor-size-xxl{font-size:59px}<\/style><h1 class=\"elementor-heading-title elementor-size-default\">\u00c9tude de A-L. Baldwin et G.Schwartz<\/h1>\t\t<\/div>\n\t\t\t\t<\/div>\n\t\t\t\t<\/div>\n\t\t\t\t\t<\/div>\n\t\t\t\t<\/div>\n\t\t<div class=\"elementor-element elementor-element-6cc1fbfa e-flex e-con-boxed wpr-particle-no wpr-jarallax-no wpr-parallax-no wpr-sticky-section-no e-con e-parent\" data-id=\"6cc1fbfa\" data-element_type=\"container\">\n\t\t\t\t\t<div class=\"e-con-inner\">\n\t\t\t\t<div class=\"elementor-element elementor-element-52db3ebb elementor-widget elementor-widget-text-editor\" data-id=\"52db3ebb\" data-element_type=\"widget\" data-widget_type=\"text-editor.default\">\n\t\t\t\t<div class=\"elementor-widget-container\">\n\t\t\t<style>\/*! elementor - v3.21.0 - 26-05-2024 *\/\n.elementor-widget-text-editor.elementor-drop-cap-view-stacked .elementor-drop-cap{background-color:#69727d;color:#fff}.elementor-widget-text-editor.elementor-drop-cap-view-framed .elementor-drop-cap{color:#69727d;border:3px solid;background-color:transparent}.elementor-widget-text-editor:not(.elementor-drop-cap-view-default) .elementor-drop-cap{margin-top:8px}.elementor-widget-text-editor:not(.elementor-drop-cap-view-default) .elementor-drop-cap-letter{width:1em;height:1em}.elementor-widget-text-editor .elementor-drop-cap{float:left;text-align:center;line-height:1;font-size:50px}.elementor-widget-text-editor .elementor-drop-cap-letter{display:inline-block}<\/style>\t\t\t\t<p>R\u00e9f\u00e9rences d&rsquo;Ann-Linda-Baldwin, Ph.D. : Professeur de physiologie et de psychologie \u00e0 l&rsquo;Universit\u00e9 d&rsquo;Arizona. Vous \u00eates titulaire d&rsquo;un dipl\u00f4me en physique de l&rsquo;universit\u00e9 de Bristol (Royaume-Uni), d&rsquo;une ma\u00eetrise en physique des rayonnements de l&rsquo;universit\u00e9 de Londres et d&rsquo;un doctorat en physiologie de l&rsquo;Imperial College de l&rsquo;universit\u00e9 de Londres.<\/p>\t\t\t\t\t\t<\/div>\n\t\t\t\t<\/div>\n\t\t<div class=\"elementor-element elementor-element-567f42e3 e-flex e-con-boxed wpr-particle-no wpr-jarallax-no wpr-parallax-no wpr-sticky-section-no e-con e-child\" data-id=\"567f42e3\" data-element_type=\"container\">\n\t\t\t\t\t<div class=\"e-con-inner\">\n\t\t\t\t<div class=\"elementor-element elementor-element-63c56758 elementor-widget elementor-widget-heading\" data-id=\"63c56758\" data-element_type=\"widget\" data-widget_type=\"heading.default\">\n\t\t\t\t<div class=\"elementor-widget-container\">\n\t\t\t<h4 class=\"elementor-heading-title elementor-size-default\">\u00c9tude chez des personnes diagnostiqu\u00e9es avec une limitation du mouvement<\/h4>\t\t<\/div>\n\t\t\t\t<\/div>\n\t\t\t\t<div class=\"elementor-element elementor-element-6f46af50 elementor-widget elementor-widget-text-editor\" data-id=\"6f46af50\" data-element_type=\"widget\" data-widget_type=\"text-editor.default\">\n\t\t\t\t<div class=\"elementor-widget-container\">\n\t\t\t\t\t\t\t<p>L&rsquo;\u00e9tude visait \u00e0 d\u00e9terminer si une s\u00e9ance de 10 minutes de Soin Reconnectif pouvait augmenter l&rsquo;amplitude des mouvements et l&rsquo;\u00e9l\u00e9vation d&rsquo;un bras chez des personnes ayant re\u00e7u un diagnostic m\u00e9dical d&rsquo;\u00e9paule gel\u00e9e ou d&rsquo;autres conditions limitant les mouvements. Ces r\u00e9sultats ont \u00e9t\u00e9 compar\u00e9s \u00e0 ceux d&rsquo;un groupe t\u00e9moin ayant re\u00e7u une physioth\u00e9rapie et d&rsquo;autres traitements.<\/p>\t\t\t\t\t\t<\/div>\n\t\t\t\t<\/div>\n\t\t\t\t<div class=\"elementor-element elementor-element-538d7d09 elementor-widget elementor-widget-heading\" data-id=\"538d7d09\" data-element_type=\"widget\" data-widget_type=\"heading.default\">\n\t\t\t\t<div class=\"elementor-widget-container\">\n\t\t\t<h5 class=\"elementor-heading-title elementor-size-default\">R\u00e9sultats :<\/h5>\t\t<\/div>\n\t\t\t\t<\/div>\n\t\t\t\t<div class=\"elementor-element elementor-element-1b09dad7 elementor-widget elementor-widget-text-editor\" data-id=\"1b09dad7\" data-element_type=\"widget\" data-widget_type=\"text-editor.default\">\n\t\t\t\t<div class=\"elementor-widget-container\">\n\t\t\t\t\t\t\t<div class=\"framer-15napkz\" data-framer-component-type=\"RichTextContainer\"><p class=\"framer-text framer-styles-preset-21ogod\" data-styles-preset=\"xZndidUCt\">L&rsquo;\u00e9tude indique qu&rsquo;une s\u00e9ance de 10 minutes de Soin Reconnectif am\u00e9liore syst\u00e9matiquement l&rsquo;amplitude de mouvement de 26 degr\u00e9s en moyenne chez les personnes dont la mobilit\u00e9 de l&rsquo;\u00e9paule est limit\u00e9e. Le degr\u00e9 d&rsquo;am\u00e9lioration \u00e9tait bien plus important que celui produit par la physioth\u00e9rapie. Il a \u00e9galement \u00e9t\u00e9 d\u00e9montr\u00e9 que le Soin Reconnectif r\u00e9duisait syst\u00e9matiquement la douleur rapport\u00e9e par les participants lorsqu&rsquo;ils retrouvaient leur capacit\u00e9 \u00e0 lever le bras.<\/p><\/div>\t\t\t\t\t\t<\/div>\n\t\t\t\t<\/div>\n\t\t\t\t\t<\/div>\n\t\t\t\t<\/div>\n\t\t\t\t\t<\/div>\n\t\t\t\t<\/div>\n\t\t\t\t<\/div>\n\t\t","protected":false},"excerpt":{"rendered":"<p>\u00c9tude de A-L. Baldwin et G.Schwartz R\u00e9f\u00e9rences d&rsquo;Ann-Linda-Baldwin, Ph.D. : Professeur de physiologie et de psychologie \u00e0 l&rsquo;Universit\u00e9 d&rsquo;Arizona. Vous \u00eates titulaire d&rsquo;un dipl\u00f4me en physique de l&rsquo;universit\u00e9 de Bristol (Royaume-Uni), d&rsquo;une ma\u00eetrise en physique des rayonnements de l&rsquo;universit\u00e9 de Londres et d&rsquo;un doctorat en physiologie de l&rsquo;Imperial College de l&rsquo;universit\u00e9 de Londres. \u00c9tude chez des personnes diagnostiqu\u00e9es avec une limitation du mouvement L&rsquo;\u00e9tude visait \u00e0 d\u00e9terminer si une s\u00e9ance de 10 minutes de Soin Reconnectif pouvait augmenter l&rsquo;amplitude des mouvements et l&rsquo;\u00e9l\u00e9vation d&rsquo;un bras chez des personnes ayant re\u00e7u un diagnostic m\u00e9dical d&rsquo;\u00e9paule gel\u00e9e ou d&rsquo;autres conditions limitant les mouvements. Ces r\u00e9sultats ont \u00e9t\u00e9 compar\u00e9s \u00e0 ceux d&rsquo;un groupe t\u00e9moin ayant re\u00e7u une physioth\u00e9rapie et d&rsquo;autres traitements. R\u00e9sultats : L&rsquo;\u00e9tude indique qu&rsquo;une s\u00e9ance de 10 minutes de Soin Reconnectif am\u00e9liore syst\u00e9matiquement l&rsquo;amplitude de mouvement de 26 degr\u00e9s en moyenne chez les personnes dont la mobilit\u00e9 de l&rsquo;\u00e9paule est limit\u00e9e. Le degr\u00e9 d&rsquo;am\u00e9lioration \u00e9tait bien plus important que celui produit par la physioth\u00e9rapie. Il a \u00e9galement \u00e9t\u00e9 d\u00e9montr\u00e9 que le Soin Reconnectif r\u00e9duisait syst\u00e9matiquement la douleur rapport\u00e9e par les participants lorsqu&rsquo;ils retrouvaient leur capacit\u00e9 \u00e0 lever le bras.<\/p>\n","protected":false},"author":1,"featured_media":0,"parent":0,"menu_order":0,"comment_status":"closed","ping_status":"closed","template":"elementor_canvas","meta":{"footnotes":""},"class_list":["post-1163","page","type-page","status-publish","hentry"],"_links":{"self":[{"href":"https:\/\/oli-decock.eu\/index.php?rest_route=\/wp\/v2\/pages\/1163","targetHints":{"allow":["GET"]}}],"collection":[{"href":"https:\/\/oli-decock.eu\/index.php?rest_route=\/wp\/v2\/pages"}],"about":[{"href":"https:\/\/oli-decock.eu\/index.php?rest_route=\/wp\/v2\/types\/page"}],"author":[{"embeddable":true,"href":"https:\/\/oli-decock.eu\/index.php?rest_route=\/wp\/v2\/users\/1"}],"replies":[{"embeddable":true,"href":"https:\/\/oli-decock.eu\/index.php?rest_route=%2Fwp%2Fv2%2Fcomments&post=1163"}],"version-history":[{"count":4,"href":"https:\/\/oli-decock.eu\/index.php?rest_route=\/wp\/v2\/pages\/1163\/revisions"}],"predecessor-version":[{"id":1173,"href":"https:\/\/oli-decock.eu\/index.php?rest_route=\/wp\/v2\/pages\/1163\/revisions\/1173"}],"wp:attachment":[{"href":"https:\/\/oli-decock.eu\/index.php?rest_route=%2Fwp%2Fv2%2Fmedia&parent=1163"}],"curies":[{"name":"wp","href":"https:\/\/api.w.org\/{rel}","templated":true}]}}

<div data-elementor-type="wp-page" data-elementor-id="1163" class="elementor elementor-1163">
				<div class="elementor-element elementor-element-49d5e2ac e-flex e-con-boxed wpr-particle-no wpr-jarallax-no wpr-parallax-no wpr-sticky-section-no e-con e-parent" data-id="49d5e2ac" data-element_type="container" data-settings="{&quot;background_background&quot;:&quot;classic&quot;}">
					<div class="e-con-inner">
		<div class="elementor-element elementor-element-3483c61e e-con-full e-flex wpr-particle-no wpr-jarallax-no wpr-parallax-no wpr-sticky-section-no e-con e-child" data-id="3483c61e" data-element_type="container">
				<div class="elementor-element elementor-element-54316cd0 elementor-widget elementor-widget-heading" data-id="54316cd0" data-element_type="widget" data-widget_type="heading.default">
				<div class="elementor-widget-container">
			<style>/*! elementor - v3.21.0 - 26-05-2024 */
.elementor-heading-title{padding:0;margin:0;line-height:1}.elementor-widget-heading .elementor-heading-title[class*=elementor-size-]>a{color:inherit;font-size:inherit;line-height:inherit}.elementor-widget-heading .elementor-heading-title.elementor-size-small{font-size:15px}.elementor-widget-heading .elementor-heading-title.elementor-size-medium{font-size:19px}.elementor-widget-heading .elementor-heading-title.elementor-size-large{font-size:29px}.elementor-widget-heading .elementor-heading-title.elementor-size-xl{font-size:39px}.elementor-widget-heading .elementor-heading-title.elementor-size-xxl{font-size:59px}</style><h1 class="elementor-heading-title elementor-size-default">Étude de A-L. Baldwin et G.Schwartz</h1>		</div>
				</div>
				</div>
					</div>
				</div>
		<div class="elementor-element elementor-element-6cc1fbfa e-flex e-con-boxed wpr-particle-no wpr-jarallax-no wpr-parallax-no wpr-sticky-section-no e-con e-parent" data-id="6cc1fbfa" data-element_type="container">
					<div class="e-con-inner">
				<div class="elementor-element elementor-element-52db3ebb elementor-widget elementor-widget-text-editor" data-id="52db3ebb" data-element_type="widget" data-widget_type="text-editor.default">
				<div class="elementor-widget-container">
			<style>/*! elementor - v3.21.0 - 26-05-2024 */
.elementor-widget-text-editor.elementor-drop-cap-view-stacked .elementor-drop-cap{background-color:#69727d;color:#fff}.elementor-widget-text-editor.elementor-drop-cap-view-framed .elementor-drop-cap{color:#69727d;border:3px solid;background-color:transparent}.elementor-widget-text-editor:not(.elementor-drop-cap-view-default) .elementor-drop-cap{margin-top:8px}.elementor-widget-text-editor:not(.elementor-drop-cap-view-default) .elementor-drop-cap-letter{width:1em;height:1em}.elementor-widget-text-editor .elementor-drop-cap{float:left;text-align:center;line-height:1;font-size:50px}.elementor-widget-text-editor .elementor-drop-cap-letter{display:inline-block}</style>				<p>Références d&rsquo;Ann-Linda-Baldwin, Ph.D. : Professeur de physiologie et de psychologie à l&rsquo;Université d&rsquo;Arizona. Vous êtes titulaire d&rsquo;un diplôme en physique de l&rsquo;université de Bristol (Royaume-Uni), d&rsquo;une maîtrise en physique des rayonnements de l&rsquo;université de Londres et d&rsquo;un doctorat en physiologie de l&rsquo;Imperial College de l&rsquo;université de Londres.</p>						</div>
				</div>
		<div class="elementor-element elementor-element-567f42e3 e-flex e-con-boxed wpr-particle-no wpr-jarallax-no wpr-parallax-no wpr-sticky-section-no e-con e-child" data-id="567f42e3" data-element_type="container">
					<div class="e-con-inner">
				<div class="elementor-element elementor-element-63c56758 elementor-widget elementor-widget-heading" data-id="63c56758" data-element_type="widget" data-widget_type="heading.default">
				<div class="elementor-widget-container">
			<h4 class="elementor-heading-title elementor-size-default">Étude chez des personnes diagnostiquées avec une limitation du mouvement</h4>		</div>
				</div>
				<div class="elementor-element elementor-element-6f46af50 elementor-widget elementor-widget-text-editor" data-id="6f46af50" data-element_type="widget" data-widget_type="text-editor.default">
				<div class="elementor-widget-container">
							<p>L&rsquo;étude visait à déterminer si une séance de 10 minutes de Soin Reconnectif pouvait augmenter l&rsquo;amplitude des mouvements et l&rsquo;élévation d&rsquo;un bras chez des personnes ayant reçu un diagnostic médical d&rsquo;épaule gelée ou d&rsquo;autres conditions limitant les mouvements. Ces résultats ont été comparés à ceux d&rsquo;un groupe témoin ayant reçu une physiothérapie et d&rsquo;autres traitements.</p>						</div>
				</div>
				<div class="elementor-element elementor-element-538d7d09 elementor-widget elementor-widget-heading" data-id="538d7d09" data-element_type="widget" data-widget_type="heading.default">
				<div class="elementor-widget-container">
			<h5 class="elementor-heading-title elementor-size-default">Résultats :</h5>		</div>
				</div>
				<div class="elementor-element elementor-element-1b09dad7 elementor-widget elementor-widget-text-editor" data-id="1b09dad7" data-element_type="widget" data-widget_type="text-editor.default">
				<div class="elementor-widget-container">
							<div class="framer-15napkz" data-framer-component-type="RichTextContainer"><p class="framer-text framer-styles-preset-21ogod" data-styles-preset="xZndidUCt">L&rsquo;étude indique qu&rsquo;une séance de 10 minutes de Soin Reconnectif améliore systématiquement l&rsquo;amplitude de mouvement de 26 degrés en moyenne chez les personnes dont la mobilité de l&rsquo;épaule est limitée. Le degré d&rsquo;amélioration était bien plus important que celui produit par la physiothérapie. Il a également été démontré que le Soin Reconnectif réduisait systématiquement la douleur rapportée par les participants lorsqu&rsquo;ils retrouvaient leur capacité à lever le bras.</p></div>						</div>
				</div>
					</div>
				</div>
					</div>
				</div>
				</div>

<p>Étude de A-L. Baldwin et G.Schwartz Références d&rsquo;Ann-Linda-Baldwin, Ph.D. : Professeur de physiologie et de psychologie à l&rsquo;Université d&rsquo;Arizona. Vous êtes titulaire d&rsquo;un diplôme en physique de l&rsquo;université de Bristol (Royaume-Uni), d&rsquo;une maîtrise en physique des rayonnements de l&rsquo;université de Londres et d&rsquo;un doctorat en physiologie de l&rsquo;Imperial College de l&rsquo;université de Londres. Étude chez des personnes diagnostiquées avec une limitation du mouvement L&rsquo;étude visait à déterminer si une séance de 10 minutes de Soin Reconnectif pouvait augmenter l&rsquo;amplitude des mouvements et l&rsquo;élévation d&rsquo;un bras chez des personnes ayant reçu un diagnostic médical d&rsquo;épaule gelée ou d&rsquo;autres conditions limitant les mouvements. Ces résultats ont été comparés à ceux d&rsquo;un groupe témoin ayant reçu une physiothérapie et d&rsquo;autres traitements. Résultats : L&rsquo;étude indique qu&rsquo;une séance de 10 minutes de Soin Reconnectif améliore systématiquement l&rsquo;amplitude de mouvement de 26 degrés en moyenne chez les personnes dont la mobilité de l&rsquo;épaule est limitée. Le degré d&rsquo;amélioration était bien plus important que celui produit par la physiothérapie. Il a également été démontré que le Soin Reconnectif réduisait systématiquement la douleur rapportée par les participants lorsqu&rsquo;ils retrouvaient leur capacité à lever le bras.</p>
